2) - 2/8?
3
Suppose -2*f + 4*f - 22 = -5*b, 2*f + 4*b - 20 = 0. Let t(i) = f*i**2 + 1 + 10*i - 3*i + 0 + i**3. What is the units digit of t(-4)?
5
Let p be 1 + -11 + (-23 - -25). What is the units digit of 14/(-8)*(0 + p)?
4
Suppose -9*c - 2*c = -33. Suppose c*o = -o + 5*k + 910, -3*o + k + 677 = 0. What is the units digit of o?
5
Suppose -8*n - 1290 + 4026 = 0. What is the tens digit of n?
4
Let q(c) = -7*c - 1. Let l be q(-1). Let w(j) = -14*j - j - 9*j - l + 0*j. What is the units digit of w(-3)?
6
Let g(d) = 5*d + 48. Let u be g(-8). Suppose -u*a + 885 = -1275. What is the tens digit of a?
7
Suppose 5*t - 21 = 2*t. Suppose -4*m = -t*m + 117. Suppose -h + m = 4*b, 4*b - 5*h = -b + 30. What is the units digit of b?
9
What is the tens digit of -25*((-51)/170 + (-482)/20)?
1
Let p(h) = 8*h**3 + 2*h**2 + 10*h + 4. Let j be p(4). Suppose 3*r = -r + j. What is the tens digit of r?
4
Let w(f) = f**3 + f**2 - f + 27. Suppose 4 = -3*y - y. Let b = y + 1. What is the units digit of w(b)?
7
Suppose -60 = -u + 31. Let m = u - 10. What is the units digit of m?
1
Let g be -2 + 0 + 3 + 3 + 0. Suppose 3*c - 627 = 2*m, g*c - 4*m = -0*m + 840. What is the tens digit of c?
0
Let q(p) = 2978*p**2 - 3*p + 1. What is the units digit of q(1)?
6
Let d be (-7)/1 - -3 - -168. What is the units digit of (9*6/36)/(3/d)?
2
Let l = 772 - 245. What is the units digit of l?
7
Let z(n) = -4*n**2 - 4*n + 408. What is the tens digit of z(0)?
0
Let g = 226 + -409. Let n = g - -459. What is the tens digit of n?
7
Suppose -3*f + 886 = -3365. What is the thousands digit of f?
1
Let u(f) = -3*f**2 + 2*f - 1. Let k be u(2). What is the units digit of 1/((9/(-74))/k)?
4
Suppose -3*m - 74 - 25 = 0. Let o = 24 + -37. Let s = o - m. What is the units digit of s?
0
Suppose -2*p - 12 = 2*p - 4*v, -2*v = 4. Let a(z) = 4*z**2 - 5*z - 27. What is the tens digit of a(p)?
9
Suppose 85 = -8*u - 19. Let l(d) = 3*d**2 - 16*d - 13. Let a(m) = 2*m**2 - 8*m - 7. Let h(w) = 5*a(w) - 3*l(w). What is the units digit of h(u)?
9
Let v(o) = 2*o**2 + 6*o - 6. Let k(d) = -2*d - 4. Let j be k(-4). Suppose 0 = -j*l + l - 18. What is the units digit of v(l)?
0
Let q(b) = 19*b**2 + 2*b + 1. Let f be q(-1). Suppose 3*r - 13 = -2*w, w + 2*w = 3*r - f. What is the units digit of (1/(-3))/(r/(-150))?
0
Let d(g) be the first derivative of -g**4/4 - g**3 - 5*g**2/2 + 3*g + 9. Let h = -26 - -22. What is the units digit of d(h)?
9
What is the tens digit of 33/99*(-2 + 197)?
6
Let f be 20/25*(-15)/(-6). Let q(u) = u**3 + 3*u**2 - 2*u + 3. Let p be q(f). What is the tens digit of (p - 2)/(4/16)?
6
Suppose 3*b - 303 = -0*b. Let r = -29 + b. Suppose 0 = x + 2*x - r. What is the units digit of x?
4
Suppose 3*w + 2*a = 683, 3*a - 462 = -2*w - 0*a. Let u = w - 139. What is the tens digit of u?
8
Suppose 2*n = q + 12, -q + 5*q + 36 = -4*n. Let u(a) = -4 + 4*a + 1 - 5*a. What is the units digit of u(q)?
7
Let u be (-95)/2*(-6)/3. What is the tens digit of -3*1 + u + 4?
9
Let q = 1045 - -26. What is the thousands digit of q?
1
Let d(u) = -u**3 - 10*u**2 + 13*u - 10. Suppose -2*y - 2 = 0, -2*w + 2*y - 15 = 7. What is the units digit of d(w)?
2
Let d be -4 - (0 - 3) - 2. Let z(l) be the first derivative of -7*l**2/2 - 2*l - 1. What is the tens digit of z(d)?
1
Suppose 0 = -2*h + 3*x - 6, 0 = 3*h + x - 13. Let z(b) = b**3 + 6*b**2 + 17*b + h - 5*b + 11*b**2. What is the units digit of z(-16)?
7
Suppose 16*r - 13*r = 30. Suppose r*k = 7*k + 393. What is the units digit of k?
1
Let a = 18 - 13. Let i(d) = d - 1. Let j(x) = 2*x**2 - 2. Let l(c) = a*i(c) + j(c). What is the units digit of l(-5)?
8
Let h = -312 + 520. What is the tens digit of h?
0
What is the tens digit of -11 + (-7)/(-1) + 501/3?
6
What is the hundreds digit of -6*(2 - 5)*97/3?
5
Let u(h) = 365*h**2 - 5*h + 4. What is the thousands digit of u(2)?
1
Suppose -x = 5*v - 2483, 0 = -4*x + 2*v + 5836 + 4096. What is the tens digit of x?
8
Suppose -2*t + 12 = t. Suppose -t + 16 = -2*y. What is the tens digit of y/2 + (-129)/(-3)?
4
What is the tens digit of (-5552)/(-8)*10/4?
3
Suppose 2*u = -0*u - 4*z - 12, -3*z - 9 = -4*u. Suppose s - 15 = -2*s. Suppose s*k + u*k = 305. What is the tens digit of k?
6
Let g(f) = -f**3 - 2*f**2 + 6*f + 3. Let c be g(-3). What is the units digit of (-1 + 0)*(c + -4)?
0
What is the units digit of (-3)/6*(-2276)/1?
8
Let p(t) = -t - 6. Let f be p(-5). Let h be (1 + f)/(0 - -1). Let k(x) = -x**3 + 7. What is the units digit of k(h)?
7
What is the hundreds digit of ((-6)/(-2) - 0)/((-186)/(-125240))?
0
Suppose 2*u = 4*u - 904. Suppose q = -2*q + x + 269, -5*q = 2*x - u. What is the units digit of q?
0
Let d be (0 - -3)*1 + (5 - -113). Suppose 4*z - 211 = -2*a + d, -5*z = -5*a - 445. What is the units digit of z?
5
Let t be 26 - 3 - 2 - 0. Suppose -h - 2*f = -t - 0, -f = -5*h + 61. What is the units digit of h - (2 - 2)/(-2)?
3
Let a = 842 - -63. What is the hundreds digit of a?
9
Let h be 0 - (-26 + (3 - -1)). Let l be 2/(-6) + h/3. Let z = l + 40. What is the units digit of z?
7
Suppose -28*t + 31*t = 1197. What is the hundreds digit of t?
3
Let x(h) = h**2 - 18*h + 13. Let s(y) = -y**2 + 19*y - 12. Let v(l) = 3*s(l) + 4*x(l). Let z be v(15). Let r = z - -14. What is the tens digit of r?
3
Suppose 3*w - 225 = 5*n, w + 2*n = 6*w - 356. What is the tens digit of w?
7
Let v(p) = -p**2 - 5 + 2*p + p**3 - 3*p**2 + 2*p**2 + 1. Let x be v(4). What is the units digit of 9/x - (-135)/4?
4
Let b = -42 - -44. Suppose b*m = 2*p - 124, -m - m = 5*p - 324. What is the tens digit of p?
6
What is the units digit of 10/(-20) - (-3)/(-2) - -1136?
4
Suppose 5*x = 82 - 67. Suppose -5*d = 0, -v - 4*d + 47 = -x*d. What is the tens digit of v?
4
Let s(k) = -4*k**3 - 9*k**2 + 7*k - 4. Let o(h) = -5*h**3 - 10*h**2 + 8*h - 3. Let q(m) = -5*o(m) + 6*s(m). What is the tens digit of q(6)?
7
Suppose -6*u + 8*u = 0. Let y be (u - -5 - 1)/1. Suppose 3*d - 39 - 50 = -y*b, 0 = 2*d - b - 52. What is the units digit of d?
7
Suppose 2*m = -2*h + 742, -2*h = 5*m - 183 - 1660. What is the hundreds digit of m?
3
What is the hundreds digit of -3 - ((-1572)/3 + 2)?
5
What is the hundreds digit of 355 - (2/4)/((-3)/30)?
3
Let g(z) = 2*z + 195. What is the hundreds digit of g(59)?
3
What is the tens digit of (-206)/(-3399) - (-32140)/33?
7
Let t be (-8)/(-2) - (-3)/3. Suppose -t*c + 7 = -98. Suppose 4*k = -c + 73. What is the tens digit of k?
1
Suppose 0 = -3*g - 2*g. Suppose -o - 2*l + 14 = g, -l + 6*l = -o + 11. Suppose o = 3*a - 5*n - 19, 2*a - n = 35. What is the tens digit of a?
2
Let d be (-4)/(-3)*(-102)/(-4). Suppose -4*o - d - 118 = -3*j, -5*o = -2*j + 99. What is the tens digit of j?
5
Let l(g) = g. Let u(j) = 62*j - 5. Let c(o) = -l(o) + u(o). What is the hundreds digit of c(2)?
1
Let x(i) = 120*i**2 + i + 4. What is the tens digit of x(2)?
8
Let t = -17 + 19. Let b be t/12 - (-110)/60. Suppose 5*h = 5*w + 15, b*h + 3*h - 4*w = 17. What is the units digit of h?
5
Let q be (48/(-14))/(4/(-112)). Let y = -26 + q. What is the units digit of y?
0
Let q(u) = 9 - 8*u - 23 + 7. What is the units digit of q(-6)?
1
Let p(j) = 7*j**2 + 2*j - 9. Let c be ((12*-2)/3)/(-1). Suppose -c*x + x = -21. What is the units digit of p(x)?
0
What is the thousands digit of (1/((-9)/4362))/((-12)/36)?
1
Let o be 6/(-4)*(-452)/(-6). Let v = -23 - o. What is the units digit of v?
0
Let h be (108/(-45))/((-1)/25). Let s = 115 - h. What is the tens digit of s?
5
Suppose -z - 23 = 2*y, -2*y = -4*y - 5*z - 3. Let m = y - -18. Suppose 0 = -2*g + 5*x + 2 + 1, -m*g + 4*x = -36. What is the tens digit of g?
1
Suppose -7*j + 4 = -5*j. Suppose 5*p - 4 - 69 = -b, 2*p = -j*b + 114. What is the tens digit of b?
5
Let j be 81/18 + 2/4. Suppose j*a - a + 20 = 0. What is the units digit of ((-6)/5 + -3)*a?
1
Let o be (-3)/(-6)*30 - 4. Suppose -6*l + o = 29. What is the tens digit of 184/(-4)*l/3?
4
Let m(j) = -j**2 - 137*j - 330. What is the hundreds digit of m(-55)?
1
Let j(f) = -f**2 + 8*f + 1. Let w be j(9). Let o(r) = r - 11. Let d be o(w). What is the tens digit of (-2)/2*d*1?
1
Suppose 0 = -2*x - 6*x + 2944. What is the hundreds digit of x?
3
What is the thousands digit of (166 + 0)*12 - (10 + -11)?
1
What is the units digit of 30/(-24) - 4938/(-8)?
6
Let n = 88 - 176. Let o = -25 - n. Suppose -3*f + s = -5